of 6 + -9 - 4 - (2 - 4 - -11)?
-16
What is the value of -6 - ((-2 - 16 - -30) + -6)?
-12
What is (0 - -34 - 40) + (-2 - -5)?
-3
What is the value of -1 + 9 - (145 - 149)?
12
What is the value of (54 - 31) + (-7 - 5)?
11
1 + (1 - -11) + -25
-12
-35 - (-13 + -16 + 11 - -5)
-22
3 + (6 - -9 - 9) - (1 - 3)
11
122 + -102 - (4 + 1)
15
What is -9 + ((4 - -1) + 1 - 0) + 0?
-3
What is the value of 4 - ((-3 - -11) + (-7 - (3 - 6)))?
0
((2 - 0) + 6 - 12) + 8
4
8 + (-1 - (0 - (-7 - -5))) + -3
2
Evaluate -4 + (-5 + -4 + -3 + 7 - -16).
7
What is the value of -1 + 0 - (-13 - (-3 + -7 - 6))?
-4
What is the value of 3 - 35 - (-316 - -312)?
-28
What is the value of -2 + -35 - (-16 - 18 - -15)?
-18
Evaluate 0 + -6 - (-167 + 149).
12
What is 4 + -3 + 3 - (-48 + 38)?
14
Evaluate 3 + (5 + -3 - (-7 - -7)) + -6.
-1
Evaluate (15 - 20) + (-5 - -2 - 8 - -7).
-9
Calculate 827 - 804 - (1 + 40).
-18
Evaluate -12 + (11 - (7 + -7)) - (-10 - 2).
11
What is -18 - (-27 - -36 - (8 - -3) - -14)?
-30
What is -4 + (0 - ((-8 - -5) + 12))?
-13
(-33 - -6) + 34 - 42
-35
What is -2 + 19 - (-309 - -324)?
2
What is the value of -6 - -3 - (0 + -3 - (6 - 9))?
-3
What is 12 + -23 + -2 + -6?
-19
0 + -2 - (-39 + 112 - 45)
-30
Calculate -4 + -7 - (1 + -32).
20
What is -4 - (-2 + -18 - (-105 - -81))?
-8
Evaluate -13 - (7 - 47 - -32).
-5
Calculate 9 - (-7 - -4) - (-6 + 8).
10
Evaluate -3 + 11 - ((-4 - 5) + 10).
7
-12 + -9 + 2 + -1 + -61 + 61
-20
Calculate (-7 - -37) + -3 - (33 - 28).
22
Evaluate (20 + -11 - (7 + 1)) + -7.
-6
What is the value of -6 + 18 - -5 - 12?
5
-6 - 0 - (-15 + 1 + -2 + -1)
11
What is the value of -20 - (40 + -24 - 11)?
-25
Calculate 12 - ((3 - 4) + 7 + -4 - -4).
6
What is the value of (13 - 17) + 5 - -14?
15
4 - 0 - -2 - (37 - 18)
-13
Evaluate (7 - 0) + -2 + 289 + -280.
14
Calculate -10 - (-4 + (11 - (10 + 4))).
-3
What is the value of (-11 - (-24 - -5)) + -24 + 13?
-3
Calculate 5 - (1 + (-16 - -15)) - (3 - -6).
-4
-1 - ((41 - 27) + -7 + 12)
-20
-1 - (15 - (-5 + 14 - 1))
-8
What is the value of (-8 - (16 - 37)) + -1?
12
Evaluate (7 - (-7 + -4 - -27)) + 17.
8
Calculate (-11 - -3) + -3 + 3 + -10 + 1.
-17
1 - -1 - (2 - -1) - (109 + -91)
-19
Calculate (-23 - 0) + (-283 - -318).
12
What is -22 - 1 - (-6 + (-6 - -5)) - -6?
-10
What is the value of -7 - ((-8 - -18) + -4)?
-13
What is (2 - 2) + 0 - (-8 + 2 + 0)?
6
Evaluate (-2 - (1 + -6)) + (-618 - -602).
-13
What is the value of -29 - (-3 + -6 + (-2 - -11) + -8)?
-21
Calculate 51 - (4 - -18) - 14.
15
What is 13 - 14 - (-1 + 4 - 14) - -1?
11
Calculate (1 - -30) + (14 - -1) + -39 + 23.
30
89 + 40 + -115 + (1 - 17)
-2
What is the value of 16 + -22 + 13 + (1 - 3 - 3)?
2
Evaluate 5 + -3 + (-1 - 1) + 14.
14
What is the value of (-31 - (-2 - -3)) + (-4 + -1 - -3)?
-34
-3 + 1 - (4 - 9 - -10 - 2)
-5
Evaluate (-6 + -10 - -15 - (4 + 0)) + 18.
13
Calculate (1 - 7 - (43 + -48)) + 6 + -2.
3
Calculate -3 - (-1 + (-5 - -5 - 0) + -1).
-1
What is (6 - 1) + 2 + (-4 - -8)?
11
(3 + -40 - -55) + -2 + -16
0
Evaluate (7 - (1 + 0)) + -1579 + 1589.
16
What is (5 - 2) + -2 + -7 + 6 + -31?
-31
-24 - (0 - 15) - -26
17
-78 + (55 - 2) - (-2 + 0)
-23
What is the value of -31 + -15 + 79 + -36?
-3
What is -8 + (-1 + 7 - (-3 + 13) - 3)?
-15
What is the value of 10 - ((20 - (-12 + 18)) + -24)?
20
Evaluate -24 - (-34 + 1 + -7).
16
Evaluate 32 + -40 - (-8 - 1 - -8).
-7
11 - 13 - 17 - 0
-19
Evaluate -6 + -2 + -4 + -10 + 25 - -6.
9
Evaluate 4232 + -4238 + -2 + (1 - 0).
-7
What is the value of -4 - ((-3 - 4) + 12 - -5)?
-14
What is the value of -12 - 1 - (-4 + 0)?
-9
Evaluate 6 + -4 - 2 - (4 - (23 + -9)).
10
What is the value of -9 + (4 - (-3 - (-10 + 7)))?
-5
Evaluate (-10 - -20 - 19) + -13 + 7 + 1.
-14
Evaluate 6 - (7 - 1 - -7) - -3.
-4
27 - 16 - (-24 - -19)
16
0 + 26 + (-20 - (14 + -24))
16
-8 - (-1 - 0 - (-4 - -1))
-10
What is the value of (2 - (-1 - -4)) + -18?
-19
Calculate -4 - (5 + 11) - -5 - -7.
-8
What is 4 + 54 + -55 - (-20 - (-1 - 0))?
22
Evaluate (-16 - 9) + 4 + 9.
-12
Evaluate -126 + 134 - (-3 - -1 - 2).
12
-9 + -9 + (1 + 1 - (-10 - -8))
-14
What is the value of ((0 - -4 - 4) + 8 - -4) + 0?
12
Calculate (46 + -20 - 49) + 9.
-14
Evaluate (-30 + 27 - -75) + -33.
39
What is the value of (36 - (34 + -14)) + -20?
-4
What is -8 + -17 + -3 - -15?
-13
0 + (2 + 12 - 14) - (1 + 12)
-13
Evaluate 1038 + -1055 + (2 - 16).
-31
Calculate (0 - 0) + 3 + 3 - (26 - 13).
-7
What is the value of -24 + (-17 - (-63 - -6))?
16
-20 - (24 + -20 + -18)
-6
(7 - (-3 + 14)) + -9 + 4
-9
Evaluate 5 + -1 + 12 + (12 - 18) + -4.
6
26 + (17 - 59) - (-1 - 38)
23
What is the value of -2 - 5 - (1 + -4) - -8?
4
Calculate -13 - -6 - (-2 + 4 - 26).
17
Calculate 148 + -103 + (-30 - -2).
17
-5 - (-8 + 0 - (-15 + (6 - -19)))
13
-3 - (10 + -5) - -8
0
What is -7 - (-6 - (-15 + 7 - -7))?
-2
(0 + 27 - ((-23 - -6) + 20)) + 9
33
What is the value of 17 + 1 + -16 - -9?
11
Evaluate 7 - -15 - (60 + -26).
-12
(-2 - 13) + -17 + (11 - -5)
-16
Calculate 1 - (-8 - (5 + -21)) - -1 - -20.
14
What is (11 - -6 - 25) + 11?
3
What is the value of -2 + 2 + -3 + 8 + -5 + 8?
8
What is the value of (34 - 34) + (-22 - 4) + -7 + 5?
-28
55 + -48 + (2 - 8) + 6 - 10
-3
What is (5 - ((67 - 58) + -11 + 1)) + -17?
-11
Calculate -2 - (1 - 40) - (2 + 16 + -13).
32
What is 14 + 1 + -151 + 148?
12
Calculate 30 + (-31 - -11) - 4.
6
Calculate (82 - 88) + -10 + 3.
-13
What is the value of 1 + -1 - (4 - (-2 + -5 - -12))?
1
What is 9 + (12 - (0 + 9) - 11)?
1
What is (-114 - -112) + 15 + (-3 - 0)?
10
Evaluate (-7 - 1) + (42 - 27 - 1).
6
Calculate -5 - (8 + 0 + -7) - 4.
-10
Evaluate 4 + 18 + -33 + 9 - (-9 + 1).
6
Evaluate -2 + (23 + -16 - (-1 + -4)).
10
What is the value of 40 + -4 + (-25 - -2)?
13
What is -2 + 8 + (-4 - 10) - -4?
-4
Calculate 1 - ((1 + 3 - (56 - 37)) + -6).
22
What is 5 + (3 - (-7 + 17 - 10))?
8
Calculate -1 - ((-1 - 0) + 0 + (-17 - -22)).
-5
What is the value of -5 + (26 - 14 - 1) + -12?
-6
Evaluate 3 - (-2 + 3 + -3 + (-15 - -17)).
3
5 + -4 - 1 - (-7 + 2 + 2)
3
Calculate 9 + 8 + (25 - 20) + -20.
2
Calculate 0 - (25 + -13 + -4) - (-1 - 1).
-6
30 + (-15 - (9 + -4))
10
46 - (-12 + 4 - -33)
21
10 - ((5 + (-3 - 4) - 8) + 16)
4
-1 + 4 + (-6 + 22 - 11)
8
Evaluate -4 + -27 + 15 - (-6 - 1).
-9
Evaluate -8 - (7 - (8 + (10 - 7) + -8)).
-12
Evaluate 3 - -3 - (-67 - -96).
-23
-2 + 1 + 3 + (5 - (4 - -4))
-1
What is (-16 - -26) + -30 - (-6 - (2 + 1))?
-11
What is the value of 158 + -153 + (-25 - 1) + 12?
-9
What is (-19 - -33 - 17) + 8 - -12?
17
What is the value of (8 + 1 - 1) + (-49 - -17 - -26)?
2
Evaluate -2 + -2 - -3 - (0 + 6) - 4.
-11
Evaluate 15 - -9 - 11 - (-10 - -13).
10
Evaluate 13 + 0 + 0 + -5.
8
What is 14 + (3 - 7 - (7 + -8))?
11
What is -680 + 662 + 1 + -1 + -8?
-26
What is the value of (-7 - -5) + 0 - (6 - -17)?
-25
Evaluate (29 - 21) + 8 + (-4 - 21) + -21.
-30
Calculate 357 + -354 + (2 - -25 - 2).
28
What is (-9 - -37) + -15 + -27?
-14
What is the value of (9 + -12 - (28 + -5)) + 10?
-16
Evaluate -13 + -12 + 7 - -18.
0
(312 - 333) + (2 - -5)
-14
((2 - 1) + -49 + 42 - 5) + 7
-4
Calculate -42 - (0 + -5 + -16).
-21
What is -23 + (85 - 15) + -28?
19
Evaluate 9 + 6 + -13 + -6.
-4
9 + (-2 - -9) + (0 - 14 - -17)
19
Evaluate 20 - (-5 + 11) - (1 + -3 + 8).
8
-3535 - -3510 - (0 - (-1 - 0))
-26
Calculate -5 - -6 - (-9 - -10).
0
What is (-1 - 2) + (3 - 3) + (-10 - -24)?
11
Evaluate 11 + -5 + (-8 - 2) + 4 - -19.
19
What is the value of 3 + -25 + 5 + 3 - (-23 + 34)?
-25
3 + (6 + 3 - (10 - 14))
16
Evaluate -6 + (2 - 3) + 5 + 7 + -22.
-17
Calculate -2 - (9 + 2) - (5 + -15 + 5).
-8
What is the value of (-1935 - -1926) + (0 - 2) + 14?
3
3501 + -3510 - (13 + (-1 - -1))
-22
What is the value of 2 + (54 - 52) + (-1 - 8)?
-5
Calculate -14 + (3 - 18) - 13 - -16.
-26
What is -6 - (-5 + -5) - (5 + 3)?
-4
Evaluate 6 + (8 - 20 - -18).
12
Calculate -13 - 4 - (-4 - -3 - -2 - 3).
-15
What is (12 + 40 - 16) + -42?
-6
Evaluate 10 + -4 + 1 - (-2 + 8).
1
Calculate 6 - ((-4 - (-11 + 2)) + 10).
-9
(2 - 14) + (1 - 3) + 11
-3
What is the value of 18 + -23 - (2 + -18)?
11
Evaluate -1 + 29 + (777 - 773).
32
What is the value of 155 - 183 - (8 + (4 - 3 - 3))?
-34
14 - (38 + (3 - 29))
2
6 - (-4 + 5) - 3 - (-2 + -4)
8
Calculate 2 + (-6 + -1 - (-40 - -42)).
-7
Evaluate 2 + 1 + -4 + -2 + -2 + -1.
-6
What is -120 + 126 - (-1 + 7)?
0
What is the value of 5 + 12 + -16